{"id":26,"date":"2016-11-17T10:38:53","date_gmt":"2016-11-17T08:38:53","guid":{"rendered":"http:\/\/www.pihlakas.ee\/puhastus\/world\/?page_id=26"},"modified":"2023-08-13T22:21:10","modified_gmt":"2023-08-13T19:21:10","slug":"epo-pvc-linoleum-ja-kummikattega-poranda-pesu-ja-hooldus","status":"publish","type":"page","link":"https:\/\/pihlakas.eu\/puhastus\/puhastusteenused\/epo-pvc-linoleum-ja-kummikattega-poranda-pesu-ja-hooldus\/","title":{"rendered":"Kummikattega p\u00f5randa pesu ja hooldus"},"content":{"rendered":"\n<figure class=\"wp-block-image size-full\"><a href=\"https:\/\/pihlakas.eu\/puhastus\/world\/wp-content\/uploads\/2023\/05\/kummistporand2.jpg\"><img loading=\"lazy\" decoding=\"async\" width=\"600\" height=\"410\" src=\"https:\/\/pihlakas.eu\/puhastus\/world\/wp-content\/uploads\/2023\/05\/kummistporand2.jpg\" alt=\"Kummikattega p\u00f5randa pesu ja hooldus\" class=\"wp-image-523\" srcset=\"https:\/\/pihlakas.eu\/puhastus\/world\/wp-content\/uploads\/2023\/05\/kummistporand2.jpg 600w, https:\/\/pihlakas.eu\/puhastus\/world\/wp-content\/uploads\/2023\/05\/kummistporand2-300x205.jpg 300w\" sizes=\"auto, (max-width: 600px) 100vw, 600px\" \/><\/a><\/figure>\n\n\n\n<p>Kummikattega p\u00f5randa pesu ja hooldus. Kummiga kaetud p\u00f5randad on populaarsed oma vastupidavuse, libisemiskindlate omaduste ja madalate hooldusvajaduste poolest. Siin on m\u00f5ned n\u00e4pun\u00e4ited kummikattega p\u00f5randate hooldamiseks:<\/p>\n\n\n\n<p>P\u00fchkige v\u00f5i imege tolmuimejaga regulaarselt: kummipinnale v\u00f5ib koguneda mustus, tolm ja praht, mis muudab selle libedaks. Regulaarne p\u00fchkimine v\u00f5i tolmuimejaga puhastamine pehmete harjastega harjaga v\u00f5ib seda v\u00e4ltida.<\/p>\n\n\n\n<p>Mopp pehme seebi ja veega: kasutage kummipinna puhastamiseks pehme seebi ja vee lahuses niisutatud moppi v\u00f5i k\u00e4sna. V\u00e4ltige tugevatoimeliste kemikaalide kasutamist, kuna need v\u00f5ivad kummikatet kahjustada.<\/p>\n\n\n\n<p>V\u00e4ltige abrasiivseid materjale: Kumm on pehme materjal, mida saab kergesti kriimustada v\u00f5i kahjustada. V\u00e4ltige abrasiivsete materjalide, nagu terasvill v\u00f5i puhastusharjad, kasutamist, mis v\u00f5ivad pinda kahjustada.<\/p>\n\n\n\n<p>Eemaldage plekid viivitamatult: koristage kohe k\u00f5ik lekked v\u00f5i plekid, et v\u00e4ltida v\u00e4rvimuutust v\u00f5i kummipinna kahjustamist.<\/p>\n\n\n\n<p>Kandke kaitsekate: kummipinnale kaitsekatte kandmine v\u00f5ib pikendada selle eluiga ja kaitsta kahjustuste eest. Katte pealekandmisel j\u00e4rgige tootja juhiseid.<\/p>\n\n\n\n<p><a href=\"https:\/\/pihlakas.eu\/puhastus\/hinnad-ja-teenuste-maksumus\/\" title=\"Hinnad\">Kui p\u00f5rand on tugevalt m\u00e4\u00e4rdunud, siis v\u00f5tke \u00fchendust ja taastame esialgse s\u00e4ra.<\/a><\/p>\n\n\n\n<iframe loading=\"lazy\" src=\"https:\/\/www.facebook.com\/plugins\/post.php?href=https%3A%2F%2Fwww.facebook.com%2FPihlakasPuhastus%2Fposts%2Fpfbid0JWXcriZjY7U6aJDBV2MXE3ej2EVagK1h3bGKv5JJECKHBvR5yZPBU9xMRoL9tSD9l&#038;show_text=false&#038;width=500\" width=\"100%\" height=\"341\" style=\"border:none;overflow:hidden\" scrolling=\"no\" frameborder=\"0\" allowfullscreen=\"true\" allow=\"autoplay; clipboard-write; encrypted-media; picture-in-picture; web-share\"><\/iframe>\n","protected":false},"excerpt":{"rendered":"<p>Kummikattega p\u00f5randa pesu ja hooldus. Kummiga kaetud p\u00f5randad on populaarsed oma vastupidavuse, libisemiskindlate omaduste ja madalate hooldusvajaduste poolest. Siin on m\u00f5ned n\u00e4pun\u00e4ited kummikattega p\u00f5randate hooldamiseks: P\u00fchkige v\u00f5i imege tolmuimejaga regulaarselt: kummipinnale v\u00f5ib koguneda mustus, tolm ja praht, mis muudab selle libedaks. Regulaarne p\u00fchkimine v\u00f5i tolmuimejaga puhastamine pehmete harjastega harjaga v\u00f5ib seda v\u00e4ltida. Mopp pehme seebi [&hellip;]<\/p>\n","protected":false},"author":1,"featured_media":0,"parent":7,"menu_order":0,"comment_status":"closed","ping_status":"open","template":"","meta":{"om_disable_all_campaigns":false,"_monsterinsights_skip_tracking":false,"_monsterinsights_sitenote_active":false,"_monsterinsights_sitenote_note":"","_monsterinsights_sitenote_category":0,"_uf_show_specific_survey":0,"_uf_disable_surveys":false,"footnotes":""},"class_list":["post-26","page","type-page","status-publish","hentry"],"aioseo_notices":[],"_links":{"self":[{"href":"https:\/\/pihlakas.eu\/puhastus\/wp-json\/wp\/v2\/pages\/26","targetHints":{"allow":["GET"]}}],"collection":[{"href":"https:\/\/pihlakas.eu\/puhastus\/wp-json\/wp\/v2\/pages"}],"about":[{"href":"https:\/\/pihlakas.eu\/puhastus\/wp-json\/wp\/v2\/types\/page"}],"author":[{"embeddable":true,"href":"https:\/\/pihlakas.eu\/puhastus\/wp-json\/wp\/v2\/users\/1"}],"replies":[{"embeddable":true,"href":"https:\/\/pihlakas.eu\/puhastus\/wp-json\/wp\/v2\/comments?post=26"}],"version-history":[{"count":17,"href":"https:\/\/pihlakas.eu\/puhastus\/wp-json\/wp\/v2\/pages\/26\/revisions"}],"predecessor-version":[{"id":649,"href":"https:\/\/pihlakas.eu\/puhastus\/wp-json\/wp\/v2\/pages\/26\/revisions\/649"}],"up":[{"embeddable":true,"href":"https:\/\/pihlakas.eu\/puhastus\/wp-json\/wp\/v2\/pages\/7"}],"wp:attachment":[{"href":"https:\/\/pihlakas.eu\/puhastus\/wp-json\/wp\/v2\/media?parent=26"}],"curies":[{"name":"wp","href":"https:\/\/api.w.org\/{rel}","templated":true}]}}