{"id":510,"date":"2023-05-15T12:39:02","date_gmt":"2023-05-15T09:39:02","guid":{"rendered":"https:\/\/pihlakas.eu\/puhastus\/?page_id=510"},"modified":"2023-05-15T12:44:55","modified_gmt":"2023-05-15T09:44:55","slug":"pvc-poranda-puhastamine","status":"publish","type":"page","link":"https:\/\/pihlakas.eu\/puhastus\/puhastusteenused\/pvc-poranda-puhastamine\/","title":{"rendered":"PVC p\u00f5randa puhastamine"},"content":{"rendered":"\n<figure class=\"wp-block-image size-large\"><a href=\"https:\/\/pihlakas.eu\/puhastus\/world\/wp-content\/uploads\/2023\/05\/pvc-porand.jpg\"><img loading=\"lazy\" decoding=\"async\" width=\"1024\" height=\"546\" src=\"https:\/\/pihlakas.eu\/puhastus\/world\/wp-content\/uploads\/2023\/05\/pvc-porand-1024x546.jpg\" alt=\"PVC p\u00f5randa puhastamine\" class=\"wp-image-511\" srcset=\"https:\/\/pihlakas.eu\/puhastus\/world\/wp-content\/uploads\/2023\/05\/pvc-porand-1024x546.jpg 1024w, https:\/\/pihlakas.eu\/puhastus\/world\/wp-content\/uploads\/2023\/05\/pvc-porand-300x160.jpg 300w, https:\/\/pihlakas.eu\/puhastus\/world\/wp-content\/uploads\/2023\/05\/pvc-porand-768x410.jpg 768w, https:\/\/pihlakas.eu\/puhastus\/world\/wp-content\/uploads\/2023\/05\/pvc-porand.jpg 1500w\" sizes=\"auto, (max-width: 1024px) 100vw, 1024px\" \/><\/a><\/figure>\n\n\n\n<h2 class=\"wp-block-heading\">PVC p\u00f5randa puhastamine<\/h2>\n\n\n\n<p>Epop\u00f5randad ja PVC (pol\u00fc-vin\u00fc\u00fcl-kloriid) p\u00f5randad on kahte t\u00fc\u00fcpi s\u00fcnteetilisi p\u00f5randakattematerjale, mida kasutatakse sageli t\u00f6\u00f6stus-, kaubandus- ja elamutes.<\/p>\n\n\n\n<p>Epoksiidp\u00f5randad valmistatakse vaikude ja k\u00f5vendite segamisel, et luua vastupidav, kemikaalikindel pind, mis talub tihedat jalgsiliiklust, masinaid ja lekkeid. Epoksiidp\u00f5randatel on l\u00e4ikiv ja sile viimistlus ning neid kasutatakse sageli k\u00f5rget puhtust n\u00f5udvates ruumides, nagu haiglad, laborid ja toiduainete t\u00f6\u00f6tlemise rajatised. Epoksiidp\u00f5randaid kasutatakse sageli ka garaa\u017eides, ladudes ja muudes t\u00f6\u00f6stuslikes kohtades, kuna need on vastupidavad ja taluvad rasket kasutamist.<\/p>\n\n\n\n<p>PVC-p\u00f5randad seevastu on valmistatud painduvast plastmaterjalist, mis on pehmem ja pehmem kui epop\u00f5randad. PVC-p\u00f5randaid kasutatakse sageli elamutes ja \u00e4riruumides, kus mugavus ja heliisolatsioon on olulised, n\u00e4iteks koolides, haiglates ja kontorites. PVC-p\u00f5randad on populaarsed ka jaem\u00fc\u00fcgi- ja majutusasutustes, kuna neid on laias valikus v\u00e4rvides ja mustrites ning neid on lihtne puhastada ja hooldada.<\/p>\n\n\n\n<p>PVC-p\u00f5randate puhastamisel on oluline j\u00e4rgida tootja juhiseid ja kasutada \u00f5igeid puhastusvahendeid. \u00dcldjuhul saab PVC-p\u00f5randaid puhastada neutraalse pH-ga puhastusvahendi ja niiske mopiga. V\u00e4ltige abrasiivsete puhastusvahendite v\u00f5i puhastusharjade kasutamist, kuna need v\u00f5ivad PVC pinda kahjustada. Samuti on oluline eemaldada lekked ja plekid v\u00f5imalikult kiiresti, et v\u00e4ltida nende sisse sattumist.<\/p>\n\n\n\n<h2 class=\"wp-block-heading\"><a href=\"https:\/\/pihlakas.eu\/puhastus\/hinnad-ja-teenuste-maksumus\/\" title=\"Hinnad\">PVC p\u00f5randa s\u00fcvapesu j\u00e4tke aga kindlasti professionaalide hooleks ja tellige teenus meilt.<\/a><\/h2>\n","protected":false},"excerpt":{"rendered":"<p>PVC p\u00f5randa puhastamine Epop\u00f5randad ja PVC (pol\u00fc-vin\u00fc\u00fcl-kloriid) p\u00f5randad on kahte t\u00fc\u00fcpi s\u00fcnteetilisi p\u00f5randakattematerjale, mida kasutatakse sageli t\u00f6\u00f6stus-, kaubandus- ja elamutes. Epoksiidp\u00f5randad valmistatakse vaikude ja k\u00f5vendite segamisel, et luua vastupidav, kemikaalikindel pind, mis talub tihedat jalgsiliiklust, masinaid ja lekkeid. Epoksiidp\u00f5randatel on l\u00e4ikiv ja sile viimistlus ning neid kasutatakse sageli k\u00f5rget puhtust n\u00f5udvates ruumides, nagu haiglad, laborid [&hellip;]<\/p>\n","protected":false},"author":1,"featured_media":0,"parent":7,"menu_order":0,"comment_status":"closed","ping_status":"closed","template":"","meta":{"om_disable_all_campaigns":false,"_monsterinsights_skip_tracking":false,"_monsterinsights_sitenote_active":false,"_monsterinsights_sitenote_note":"","_monsterinsights_sitenote_category":0,"_uf_show_specific_survey":0,"_uf_disable_surveys":false,"footnotes":""},"class_list":["post-510","page","type-page","status-publish","hentry"],"aioseo_notices":[],"_links":{"self":[{"href":"https:\/\/pihlakas.eu\/puhastus\/wp-json\/wp\/v2\/pages\/510","targetHints":{"allow":["GET"]}}],"collection":[{"href":"https:\/\/pihlakas.eu\/puhastus\/wp-json\/wp\/v2\/pages"}],"about":[{"href":"https:\/\/pihlakas.eu\/puhastus\/wp-json\/wp\/v2\/types\/page"}],"author":[{"embeddable":true,"href":"https:\/\/pihlakas.eu\/puhastus\/wp-json\/wp\/v2\/users\/1"}],"replies":[{"embeddable":true,"href":"https:\/\/pihlakas.eu\/puhastus\/wp-json\/wp\/v2\/comments?post=510"}],"version-history":[{"count":1,"href":"https:\/\/pihlakas.eu\/puhastus\/wp-json\/wp\/v2\/pages\/510\/revisions"}],"predecessor-version":[{"id":513,"href":"https:\/\/pihlakas.eu\/puhastus\/wp-json\/wp\/v2\/pages\/510\/revisions\/513"}],"up":[{"embeddable":true,"href":"https:\/\/pihlakas.eu\/puhastus\/wp-json\/wp\/v2\/pages\/7"}],"wp:attachment":[{"href":"https:\/\/pihlakas.eu\/puhastus\/wp-json\/wp\/v2\/media?parent=510"}],"curies":[{"name":"wp","href":"https:\/\/api.w.org\/{rel}","templated":true}]}}